thousands digit of 12053?
2
What is the hundreds digit of 1390?
3
What is the hundreds digit of 55076?
0
What is the ten thousands digit of 15868?
1
What is the tens digit of 1011?
1
What is the hundreds digit of 1365?
3
What is the hundreds digit of 25345?
3
What is the units digit of 667?
7
What is the tens digit of 29913?
1
What is the units digit of 51893?
3
What is the hundreds digit of 21129?
1
What is the thousands digit of 2088?
2
What is the tens digit of 16734?
3
What is the ten thousands digit of 17131?
1
What is the tens digit of 6486?
8
What is the units digit of 1148?
8
What is the tens digit of 873?
7
What is the units digit of 3724?
4
What is the hundreds digit of 464?
4
What is the tens digit of 4603?
0
What is the units digit of 12969?
9
What is the thousands digit of 61196?
1
What is the ten thousands digit of 31984?
3
What is the tens digit of 22073?
7
What is the thousands digit of 1632?
1
What is the tens digit of 1733?
3
What is the ten thousands digit of 56849?
5
What is the ten thousands digit of 12369?
1
What is the thousands digit of 143839?
3
What is the tens digit of 1560?
6
What is the thousands digit of 4738?
4
What is the hundreds digit of 588?
5
What is the units digit of 35106?
6
What is the thousands digit of 1261?
1
What is the ten thousands digit of 94610?
9
What is the ten thousands digit of 52227?
5
What is the units digit of 100690?
0
What is the units digit of 7822?
2
What is the thousands digit of 52408?
2
What is the tens digit of 4721?
2
What is the ten thousands digit of 71820?
7
What is the tens digit of 3350?
5
What is the tens digit of 25566?
6
What is the thousands digit of 10829?
0
What is the tens digit of 5626?
2
What is the hundreds digit of 554?
5
What is the units digit of 157?
7
What is the units digit of 78?
8
What is the units digit of 7?
7
What is the units digit of 15842?
2
What is the units digit of 4144?
4
What is the hundreds digit of 2637?
6
What is the tens digit of 91800?
0
What is the units digit of 33645?
5
What is the units digit of 3848?
8
What is the tens digit of 1728?
2
What is the hundreds digit of 1643?
6
What is the tens digit of 4574?
7
What is the units digit of 19777?
7
What is the ten thousands digit of 28705?
2
What is the tens digit of 141?
4
What is the hundreds digit of 780?
7
What is the units digit of 7390?
0
What is the thousands digit of 5475?
5
What is the hundreds digit of 2550?
5
What is the thousands digit of 8996?
8
What is the tens digit of 598?
9
What is the tens digit of 213?
1
What is the ten thousands digit of 18454?
1
What is the hundreds digit of 241?
2
What is the tens digit of 5213?
1
What is the thousands digit of 74830?
4
What is the tens digit of 1686?
8
What is the ten thousands digit of 15854?
1
What is the units digit of 414?
4
What is the tens digit of 7038?
3
What is the units digit of 83?
3
What is the tens digit of 7090?
9
What is the thousands digit of 26357?
6
What is the thousands digit of 1200?
1
What is the tens digit of 3430?
3
What is the hundreds digit of 60048?
0
What is the hundreds digit of 1390?
3
What is the units digit of 16914?
4
What is the tens digit of 7037?
3
What is the tens digit of 49?
4
What is the thousands digit of 17384?
7
What is the tens digit of 502?
0
What is the tens digit of 135592?
9
What is the tens digit of 5214?
1
What is the units digit of 61225?
5
What is the units digit of 1284?
4
What is the units digit of 418?
8
What is the tens digit of 802?
0
What is the units digit of 32115?
5
What is the units digit of 2560?
0
What is the tens digit of 12806?
0
What is the units digit of 7585?
5
What is the units digit of 400?
0
What is the tens digit of 96097?
9
What is the ten thousands digit of 25214?
2
What is the units digit of 39406?
6
What is the units digit of 40391?
1
What is the units digit of 14735?
5
What is the tens digit of 5506?
0
What is the thousands digit of 123636?
3
What is the tens digit of 43779?
7
What is the thousands digit of 8933?
8
What is the tens digit of 607?
0
What is the units digit of 106818?
8
What is the thousands digit of 2556?
2
What is the hundreds digit of 22005?
0
What is the units digit of 6352?
2
What is the ten thousands digit of 18692?
1
What is the tens digit of 2893?
9
What is the units digit of 161?
1
What is the hundreds digit of 15839?
8
What is the units digit of 5824?
4
What is the ten thousands digit of 60147?
6
What is the tens digit of 21?
2
What is the thousands digit of 5335?
5
What is the units digit of 979?
9
What is the thousands digit of 165470?
5
What is the ten thousands digit of 21096?
2
What is the hundreds digit of 1084?
0
What is the ten thousands digit of 24665?
2
What is the units digit of 6107?
7
What is the thousands digit of 1077?
1
What is the thousands digit of 4590?
4
What is the ten thousands digit of 27633?
2
What is the hundreds digit of 457?
4
What is the hundreds digit of 22673?
6
What is the tens digit of 27607?
0
What is the thousands digit of 4436?
4
What is the tens digit of 10784?
8
What is the hundreds digit of 6939?
9
What is the thousands digit of 2406?
2
What is the tens digit of 443?
4
What is the thousands digit of 4648?
4
What is the units digit of 27449?
9
What is the hundreds digit of 950?
9
What is the units digit of 5620?
0
What is the hundreds digit of 1692?
6
What is the units digit of 9?
9
What is the tens digit of 886?
8
What is the thousands digit of 33971?
3
What is the hundreds digit of 706?
7
What is the ten thousands digit of 44167?
4
What is the hundreds digit of 875?
8
What is the ten thousands digit of 24777?
2
What is the hundreds digit of 21458?
4
What is the tens digit of 1043?
4
What is the hundreds digit of 1198?
1
What is the thousands digit of 4668?
4
What is the tens digit of 5947?
4
What is the thousands digit of 69508?
9
What is the ten thousands digit of 20451?
2
What is the ten thousands digit of 65001?
6
What is the units digit of 831?
1
What is the tens digit of 6195?
9
What is the hundreds digit of 5616?
6
What is the ten thousands digit of 92556?
9
What is the units digit of 423?
3
What is the hundreds digit of 11296?
2
What is the tens digit of 9049?
4
What is the ten thousands digit of 171248?
7
What is the tens digit of 15546?
4
What is the thousands digit of 12500?
2
What is the hundreds digit of 1016?
0
What is the thousands digit of 3855?
3
What is the tens digit of 8884?
8
What is the hundreds digit of 338?
3
What is the hundreds digit of 11322?
3
What is the tens digit of 153383?
8
What is the units digit of 2882?
2
What is the tens digit of 1062?
6
What is the units digit of 31295?
5
What is the ten thousands digit of 25180?
2
What is the hundreds digit of 979?
9
What is the tens digit of 15893?
9
What is the thousands digit of 4394?
4
What is the hundreds digit of 345?
3
What is the hundred thousands digit of 159961?
1
What is the units digit of 8188?
8
What is the hundreds digit of 635?
6
What is the ten thousands digit of 43175?
4
What is the hundreds digit of 5398?
3
What is the tens digit of 180?
8
What is the thousands digit of 1108?
1
What is the tens digit of 15096?
9
What is the hundreds digit of 14008?
0
What is the units digit of 2120?
0
What is the tens digit of 409?
0
What is the units digit of 1115?
5
What is the thousands digit of 7795?
7
What is the units digit of 1149?
9
What is the hundreds digit of 5512?
5
What is the tens digit of 1237?
3
What is the thousands digit of 29400?
9
What is the tens digit of 416?
1
What is the tens digit of 1796?
9
What is the hundreds digit of 676?
6
What is the thousands digit of 63062?
3
What is the hundreds digit of 15937?
9
What is the units digit of 454?
4
What is the tens digit of 4874?
7
What is the units digit of 10908?
8
What is the hundreds digit of 27028?
0
What is the hundreds digit of 30407?
4
What is the ten thousands digit of 55750?
5
What is the units digit of 143?
3
What is the tens digit of 6824?
2
What is the units digit of 859?
9
What is the hundreds digit of 787?
7
What is the thousands digit of 27334?
7
What is the thousands digit of 2858?
2
What is the ten thousands digit of 77478?
7
What is the hundreds digit of 800?
8
What is the hundreds digit of 1258?
2
What is the units digit of 1952?
2
What is 